{"id":352,"date":"2025-06-03T06:59:44","date_gmt":"2025-06-03T06:59:44","guid":{"rendered":"https:\/\/educalhorce.com\/?page_id=352"},"modified":"2025-06-03T07:00:46","modified_gmt":"2025-06-03T07:00:46","slug":"politica-de-cookies","status":"publish","type":"page","link":"https:\/\/educalhorce.com\/index.php\/politica-de-cookies\/","title":{"rendered":"Pol\u00edtica de cookies"},"content":{"rendered":"\t\t<div data-elementor-type=\"wp-page\" data-elementor-id=\"352\" class=\"elementor elementor-352\">\n\t\t\t\t<div class=\"elementor-element elementor-element-689d1aff e-flex e-con-boxed wpr-particle-no wpr-jarallax-no wpr-parallax-no wpr-sticky-section-no e-con e-parent\" data-id=\"689d1aff\" data-element_type=\"container\" data-e-type=\"container\">\n\t\t\t\t\t<div class=\"e-con-inner\">\n\t\t\t\t<div class=\"elementor-element elementor-element-2fa4986a elementor-widget elementor-widget-heading\" data-id=\"2fa4986a\" data-element_type=\"widget\" data-e-type=\"widget\" data-widget_type=\"heading.default\">\n\t\t\t\t<div class=\"elementor-widget-container\">\n\t\t\t\t\t<h2 class=\"elementor-heading-title elementor-size-default\">Pol\u00edtica de cookies<\/h2>\t\t\t\t<\/div>\n\t\t\t\t<\/div>\n\t\t\t\t<div class=\"elementor-element elementor-element-52be6533 elementor-widget-divider--view-line elementor-widget elementor-widget-divider\" data-id=\"52be6533\" data-element_type=\"widget\" data-e-type=\"widget\" data-widget_type=\"divider.default\">\n\t\t\t\t<div class=\"elementor-widget-container\">\n\t\t\t\t\t\t\t<div class=\"elementor-divider\">\n\t\t\t<span class=\"elementor-divider-separator\">\n\t\t\t\t\t\t<\/span>\n\t\t<\/div>\n\t\t\t\t\t\t<\/div>\n\t\t\t\t<\/div>\n\t\t\t\t\t<\/div>\n\t\t\t\t<\/div>\n\t\t<div class=\"elementor-element elementor-element-8433347 e-flex e-con-boxed wpr-particle-no wpr-jarallax-no wpr-parallax-no wpr-sticky-section-no e-con e-parent\" data-id=\"8433347\" data-element_type=\"container\" data-e-type=\"container\">\n\t\t\t\t\t<div class=\"e-con-inner\">\n\t\t\t\t<div class=\"elementor-element elementor-element-59f1b4e elementor-widget elementor-widget-text-editor\" data-id=\"59f1b4e\" data-element_type=\"widget\" data-e-type=\"widget\" data-widget_type=\"text-editor.default\">\n\t\t\t\t<div class=\"elementor-widget-container\">\n\t\t\t\t\t\t\t\t\t<ol><li><strong>\u00bfQU\u00c9 SON LAS COOKIES?<\/strong><\/li><\/ol><p><strong>Luis Garc\u00eda Caballero<\/strong> es responsable de la p\u00e1gina web http:\/\/www.educalhorce.com, y utiliza cookies y\/u otros archivos de funcionalidad similar (en adelante \u201cCookies\u201d).<\/p><p>Una cookie es un archivo de texto que un sitio web, aplicaci\u00f3n u otra plataforma guarda en tu dispositivo, como tu computadora, tableta o tel\u00e9fono inteligente. Contiene informaci\u00f3n sobre tu navegaci\u00f3n o uso, como una etiqueta que identifica tu dispositivo. Las cookies son necesarias para facilitar la navegaci\u00f3n y comprender c\u00f3mo interact\u00faan los usuarios con las webs, lo que permite realizar mejoras. Tambi\u00e9n son \u00fatiles para personalizar la publicidad seg\u00fan tus preferencias y para otras finalidades detalladas m\u00e1s adelante. Las cookies no da\u00f1an tu dispositivo.<\/p><p>\u00a0<\/p><ol start=\"2\"><li><strong>TIPOLOG\u00cdA DE COOKIES <\/strong><\/li><\/ol><p>Por favor, revisa esta secci\u00f3n que brinda una descripci\u00f3n general de los diferentes tipos de cookies que se pueden utilizar en un entorno en l\u00ednea.<\/p><p>\u00a0<\/p><p>Seg\u00fan el propietario de las cookies, se pueden clasificar en:<\/p><ol><li>Cookies propias: Estas cookies se env\u00edan al ordenador o dispositivo del usuario desde el equipo o dominio gestionado por el propio editor, que proporciona la web o servicio solicitado por el usuario.<\/li><li>Cookies de terceros: Estas cookies se env\u00edan al ordenador o dispositivo del usuario desde un equipo o dominio que no es gestionado por el editor, sino por otra entidad que procesa los datos obtenidos a trav\u00e9s de las cookies.<\/li><\/ol><p>\u00a0<\/p><p>\u00a0<\/p><p>En funci\u00f3n de la finalidad de la Cookie, pueden clasificarse en:<\/p><p>\u00a0<\/p><ul><li>Las <strong><u>cookies estrictamente necesarias (t\u00e9cnicas)<\/u><\/strong> son aquellas que permiten al usuario navegar por una p\u00e1gina web, plataforma o aplicaci\u00f3n y utilizar las diferentes opciones o servicios que se ofrecen en ellas. Estas cookies desempe\u00f1an funciones esenciales, como controlar el tr\u00e1fico, identificar datos o sesiones, acceder a secciones restringidas, recordar elementos de un pedido, gestionar pagos, garantizar la seguridad del servicio, permitir la participaci\u00f3n en eventos, almacenar contenidos multimedia y compartir contenido en redes sociales. Estas cookies t\u00e9cnicas se descargan autom\u00e1ticamente cuando se muestra la web o se brinda el servicio solicitado por el usuario.<\/li><\/ul><p>\u00a0<\/p><ul><li>Las <strong><u>cookies de funcionalidad o personalizaci\u00f3n<\/u><\/strong> son aquellas que permiten recordar informaci\u00f3n para proporcionar al usuario un servicio o plataforma con caracter\u00edsticas espec\u00edficas que diferencian su experiencia de la de otros usuarios. Estas caracter\u00edsticas pueden incluir el idioma, el n\u00famero de resultados mostrados en una b\u00fasqueda, el aspecto o contenido del servicio en funci\u00f3n del navegador utilizado o la regi\u00f3n desde la que se accede al servicio, entre otros. No aceptar estas cookies puede resultar en un rendimiento lento de la p\u00e1gina web o recomendaciones inadecuadas.<\/li><\/ul><p>\u00a0<\/p><ul><li>Las <strong><u>cookies de an\u00e1lisis<\/u><\/strong> se emplean para recopilar informaci\u00f3n sobre el n\u00famero de usuarios, las secciones visitadas en la web y su interacci\u00f3n con la misma. Estos datos se utilizan para realizar un an\u00e1lisis estad\u00edstico de la utilizaci\u00f3n que hacen los usuarios del servicio, con el objetivo de identificar \u00e1reas de mejora basadas en los patrones de uso.<\/li><\/ul><p>\u00a0<\/p><ul><li>Las <strong><u>cookies de publicidad comportamental<\/u><\/strong> registran y almacenan informaci\u00f3n sobre los h\u00e1bitos de navegaci\u00f3n de los usuarios, lo que facilita la creaci\u00f3n de perfiles espec\u00edficos para mostrar anuncios personalizados. Estas cookies permiten una gesti\u00f3n eficiente de los espacios publicitarios que el editor ha incluido, ya sea de forma directa o en colaboraci\u00f3n con terceros.<\/li><\/ul><p>\u00a0<\/p><ol start=\"3\"><li><strong>FINALIDAD DE LAS COOKIES EN NUESTRA WEB<\/strong><\/li><\/ol><p>Las cookies desempe\u00f1an un papel fundamental en el funcionamiento de nuestra web. Su objetivo principal es permitir una navegaci\u00f3n m\u00e1s c\u00f3moda y eficiente. Por ejemplo, se utilizan para recordar tus preferencias durante la navegaci\u00f3n y en futuras visitas.<\/p><p>Tambi\u00e9n nos ayudan a personalizar la publicidad en funci\u00f3n de tus h\u00e1bitos de navegaci\u00f3n. La informaci\u00f3n recopilada a trav\u00e9s de las cookies nos permite realizar estimaciones estad\u00edsticas y an\u00e1lisis de uso, como el n\u00famero de visitas y las secciones m\u00e1s consultadas. Esto nos permite mejorar nuestros servicios y adaptar la plataforma a tus intereses individuales.<\/p><p>En algunas ocasiones, utilizamos cookies para recopilar informaci\u00f3n que nos permite mostrar publicidad basada en tus h\u00e1bitos de navegaci\u00f3n en nuestra plataforma y otras plataformas de terceros.<\/p><ol start=\"4\"><li><strong>GESTI\u00d3N COOKIES EN NUESTRA WEB<\/strong><\/li><\/ol><p>En el panel de configuraci\u00f3n de cookies, al que puedes acceder en cualquier momento en nuestra plataforma, encontrar\u00e1s informaci\u00f3n detallada sobre las cookies que utilizamos. En \u00e9l, se especifica su prop\u00f3sito, duraci\u00f3n y qui\u00e9n las gestiona (nosotros o terceros). Este panel te permite gestionar la activaci\u00f3n y desactivaci\u00f3n de aquellas cookies que no son estrictamente necesarias para el funcionamiento de la plataforma, adem\u00e1s de cambiar tu consentimiento en cualquier momento.<\/p><p>Puedes acceder a la configuraci\u00f3n pulsando <strong><u>aqu\u00ed<\/u><\/strong>, para cambiar tus preferencias o retirar su consentimiento (habilitar link)<\/p><p>Por otro lado, tambi\u00e9n tienes la opci\u00f3n de desactivar el uso de cookies en tu navegador mientras navegas por Internet. A continuaci\u00f3n, te mostramos c\u00f3mo realizar esta configuraci\u00f3n en los navegadores m\u00e1s comunes:<\/p><ul><li><a href=\"https:\/\/support.google.com\/chrome\/answer\/95647?co=GENIE.Platform=Desktop&amp;&amp;hl=es\">Google Chrome<\/a><\/li><li><a href=\"https:\/\/support.mozilla.org\/es\/kb\/impedir-que-los-sitios-web-guarden-sus-preferencia\">Mozilla Firefox<\/a><\/li><li><a href=\"https:\/\/support.microsoft.com\/es-es\/help\/17442\/windows-internet-explorer-delete-manage-cookies\">Internet Explorer<\/a><\/li><li><a href=\"https:\/\/privacy.microsoft.com\/es-ES\/windows-10-microsoft-edge-and-privacy\">Microsoft Edge<\/a><\/li><li><a href=\"https:\/\/support.apple.com\/es-es\/HT201265\">Safari<\/a><\/li><li><a href=\"http:\/\/help.opera.com\/Linux\/10.60\/es-ES\/cookies.html\">Opera<\/a><\/li><\/ul><p>\u00a0<\/p><p>Puedes ejercer esta opci\u00f3n de evitar el uso de Cookies en cualquier momento. Ten en cuenta que la gesti\u00f3n del panel de configuraci\u00f3n de Cookies y la opci\u00f3n de rechazarlas son espec\u00edficas para cada navegador que utilices.<\/p><p>Por lo tanto, si configuras las Cookies de una determinada manera en un dispositivo y deseas que esa opci\u00f3n se aplique de manera similar en otro dispositivo, deber\u00e1s activar la misma opci\u00f3n en ese otro dispositivo.<\/p><p>El usuario debe tener en cuenta que algunas caracter\u00edsticas de los contenidos de nuestra p\u00e1gina web solo est\u00e1n disponibles si se permite la instalaci\u00f3n de Cookies en su navegador. Si decide no aceptar o bloquear determinadas Cookies (en funci\u00f3n de su finalidad), puede que esto afecte, total o parcialmente, al funcionamiento normal de la P\u00e1gina Web o que impida el acceso a algunos servicios de la misma.<\/p><p><strong>\u00a0<\/strong><\/p><ol start=\"5\"><li><strong>USO DE LA INFORMACI\u00d3N ALMACENADA EN LAS COOKIES<\/strong><\/li><\/ol><p><strong>\u00a0<\/strong><\/p><p>La informaci\u00f3n almacenada en las Cookies de nuestra web es utilizada \u00fanicamente por nosotros. Sin embargo, algunas Cookies de terceros, gestionadas por entidades externas, pueden ser utilizadas para brindarnos servicios adicionales. Para m\u00e1s detalles, consulta nuestro panel de configuraci\u00f3n de Cookies, accesible en todo momento en nuestra web.<\/p><p>\u00a0<\/p><p>Te sugerimos que revises nuestra Pol\u00edtica de Privacidad en nuestra web para obtener informaci\u00f3n detallada sobre c\u00f3mo se tratan tus datos personales en nuestra colaboraci\u00f3n con terceros, as\u00ed como en las transferencias internacionales de datos. Adem\u00e1s, te recomendamos que consultes las pol\u00edticas de privacidad y las configuraciones de privacidad de estos colaboradores externos a trav\u00e9s de sus propias plataformas.<\/p><p><strong>\u00a0<\/strong><\/p><ol start=\"6\"><li><strong>ACTUALIZACIONES Y CAMBIOS EN LA POL\u00cdTICA DE COOKIES<\/strong><\/li><\/ol><p><strong>Domelope SL<\/strong>\u00a0 puede modificar esta Pol\u00edtica de Cookies en funci\u00f3n de nuevas exigencias legislativas, reglamentarias, o con la finalidad de adaptar dicha pol\u00edtica a las instrucciones dictadas por la Agencia Espa\u00f1ola de Protecci\u00f3n de Datos.<\/p><p>Si desea m\u00e1s informaci\u00f3n sobre qu\u00e9 uso hacemos de las Cookies, puede enviarnos un e-mail a: educalhorce@live.com<\/p>\t\t\t\t\t\t\t\t<\/div>\n\t\t\t\t<\/div>\n\t\t\t\t\t<\/div>\n\t\t\t\t<\/div>\n\t\t\t\t<\/div>\n\t\t","protected":false},"excerpt":{"rendered":"<p>Pol\u00edtica de cookies \u00bfQU\u00c9 SON LAS COOKIES? Luis Garc\u00eda Caballero es responsable de la p\u00e1gina web http:\/\/www.educalhorce.com, y utiliza cookies y\/u otros archivos de funcionalidad similar (en adelante \u201cCookies\u201d). Una cookie es un archivo de texto que un sitio web, aplicaci\u00f3n u otra plataforma guarda en tu dispositivo, como tu computadora, tableta o tel\u00e9fono inteligente. Contiene informaci\u00f3n sobre tu navegaci\u00f3n o uso, como una etiqueta que identifica tu dispositivo. Las cookies son necesarias para facilitar la navegaci\u00f3n y comprender c\u00f3mo interact\u00faan los usuarios con las webs, lo que permite realizar mejoras. Tambi\u00e9n son \u00fatiles para personalizar la publicidad seg\u00fan tus preferencias y para otras finalidades detalladas m\u00e1s adelante. Las cookies no da\u00f1an tu dispositivo. \u00a0 TIPOLOG\u00cdA DE COOKIES Por favor, revisa esta secci\u00f3n que brinda una descripci\u00f3n general de los diferentes tipos de cookies que se pueden utilizar en un entorno en l\u00ednea. \u00a0 Seg\u00fan el propietario de las cookies, se pueden clasificar en: Cookies propias: Estas cookies se env\u00edan al ordenador o dispositivo del usuario desde el equipo o dominio gestionado por el propio editor, que proporciona la web o servicio solicitado por el usuario. Cookies de terceros: Estas cookies se env\u00edan al ordenador o dispositivo del usuario desde un equipo o dominio que no es gestionado por el editor, sino por otra entidad que procesa los datos obtenidos a trav\u00e9s de las cookies. \u00a0 \u00a0 En funci\u00f3n de la finalidad de la Cookie, pueden clasificarse en: \u00a0 Las cookies estrictamente necesarias (t\u00e9cnicas) son aquellas que permiten al usuario navegar por una p\u00e1gina web, plataforma o aplicaci\u00f3n y utilizar las diferentes opciones o servicios que se ofrecen en ellas. Estas cookies desempe\u00f1an funciones esenciales, como controlar el tr\u00e1fico, identificar datos o sesiones, acceder a secciones restringidas, recordar elementos de un pedido, gestionar pagos, garantizar la seguridad del servicio, permitir la participaci\u00f3n en eventos, almacenar contenidos multimedia y compartir contenido en redes sociales. Estas cookies t\u00e9cnicas se descargan autom\u00e1ticamente cuando se muestra la web o se brinda el servicio solicitado por el usuario. \u00a0 Las cookies de funcionalidad o personalizaci\u00f3n son aquellas que permiten recordar informaci\u00f3n para proporcionar al usuario un servicio o plataforma con caracter\u00edsticas espec\u00edficas que diferencian su experiencia de la de otros usuarios. Estas caracter\u00edsticas pueden incluir el idioma, el n\u00famero de resultados mostrados en una b\u00fasqueda, el aspecto o contenido del servicio en funci\u00f3n del navegador utilizado o la regi\u00f3n desde la que se accede al servicio, entre otros. No aceptar estas cookies puede resultar en un rendimiento lento de la p\u00e1gina web o recomendaciones inadecuadas. \u00a0 Las cookies de an\u00e1lisis se emplean para recopilar informaci\u00f3n sobre el n\u00famero de usuarios, las secciones visitadas en la web y su interacci\u00f3n con la misma. Estos datos se utilizan para realizar un an\u00e1lisis estad\u00edstico de la utilizaci\u00f3n que hacen los usuarios del servicio, con el objetivo de identificar \u00e1reas de mejora basadas en los patrones de uso. \u00a0 Las cookies de publicidad comportamental registran y almacenan informaci\u00f3n sobre los h\u00e1bitos de navegaci\u00f3n de los usuarios, lo que facilita la creaci\u00f3n de perfiles espec\u00edficos para mostrar anuncios personalizados. Estas cookies permiten una gesti\u00f3n eficiente de los espacios publicitarios que el editor ha incluido, ya sea de forma directa o en colaboraci\u00f3n con terceros. \u00a0 FINALIDAD DE LAS COOKIES EN NUESTRA WEB Las cookies desempe\u00f1an un papel fundamental en el funcionamiento de nuestra web. Su objetivo principal es permitir una navegaci\u00f3n m\u00e1s c\u00f3moda y eficiente. Por ejemplo, se utilizan para recordar tus preferencias durante la navegaci\u00f3n y en futuras visitas. Tambi\u00e9n nos ayudan a personalizar la publicidad en funci\u00f3n de tus h\u00e1bitos de navegaci\u00f3n. La informaci\u00f3n recopilada a trav\u00e9s de las cookies nos permite realizar estimaciones estad\u00edsticas y an\u00e1lisis de uso, como el n\u00famero de visitas y las secciones m\u00e1s consultadas. Esto nos permite mejorar nuestros servicios y adaptar la plataforma a tus intereses individuales. En algunas ocasiones, utilizamos cookies para recopilar informaci\u00f3n que nos permite mostrar publicidad basada en tus h\u00e1bitos de navegaci\u00f3n en nuestra plataforma y otras plataformas de terceros. GESTI\u00d3N COOKIES EN NUESTRA WEB En el panel de configuraci\u00f3n de cookies, al que puedes acceder en cualquier momento en nuestra plataforma, encontrar\u00e1s informaci\u00f3n detallada sobre las cookies que utilizamos. En \u00e9l, se especifica su prop\u00f3sito, duraci\u00f3n y qui\u00e9n las gestiona (nosotros o terceros). Este panel te permite gestionar la activaci\u00f3n y desactivaci\u00f3n de aquellas cookies que no son estrictamente necesarias para el funcionamiento de la plataforma, adem\u00e1s de cambiar tu consentimiento en cualquier momento. Puedes acceder a la configuraci\u00f3n pulsando aqu\u00ed, para cambiar tus preferencias o retirar su consentimiento (habilitar link) Por otro lado, tambi\u00e9n tienes la opci\u00f3n de desactivar el uso de cookies en tu navegador mientras navegas por Internet. A continuaci\u00f3n, te mostramos c\u00f3mo realizar esta configuraci\u00f3n en los navegadores m\u00e1s comunes: Google Chrome Mozilla Firefox Internet Explorer Microsoft Edge Safari Opera \u00a0 Puedes ejercer esta opci\u00f3n de evitar el uso de Cookies en cualquier momento. Ten en cuenta que la gesti\u00f3n del panel de configuraci\u00f3n de Cookies y la opci\u00f3n de rechazarlas son espec\u00edficas para cada navegador que utilices. Por lo tanto, si configuras las Cookies de una determinada manera en un dispositivo y deseas que esa opci\u00f3n se aplique de manera similar en otro dispositivo, deber\u00e1s activar la misma opci\u00f3n en ese otro dispositivo. El usuario debe tener en cuenta que algunas caracter\u00edsticas de los contenidos de nuestra p\u00e1gina web solo est\u00e1n disponibles si se permite la instalaci\u00f3n de Cookies en su navegador. Si decide no aceptar o bloquear determinadas Cookies (en funci\u00f3n de su finalidad), puede que esto afecte, total o parcialmente, al funcionamiento normal de la P\u00e1gina Web o que impida el acceso a algunos servicios de la misma. \u00a0 USO DE LA INFORMACI\u00d3N ALMACENADA EN LAS COOKIES \u00a0 La informaci\u00f3n almacenada en las Cookies de nuestra web es utilizada \u00fanicamente por nosotros. Sin embargo, algunas Cookies de terceros, gestionadas por entidades externas, pueden ser utilizadas para brindarnos servicios adicionales. Para m\u00e1s detalles, consulta nuestro panel de configuraci\u00f3n de Cookies, accesible en todo momento en nuestra web. \u00a0 Te sugerimos<\/p>\n","protected":false},"author":1,"featured_media":0,"parent":0,"menu_order":0,"comment_status":"closed","ping_status":"closed","template":"","meta":{"site-sidebar-layout":"no-sidebar","site-content-layout":"","ast-site-content-layout":"full-width-container","site-content-style":"default","site-sidebar-style":"default","ast-global-header-display":"","ast-banner-title-visibility":"","ast-main-header-display":"","ast-hfb-above-header-display":"","ast-hfb-below-header-display":"","ast-hfb-mobile-header-display":"","site-post-title":"disabled","ast-breadcrumbs-content":"","ast-featured-img":"disabled","footer-sml-layout":"","ast-disable-related-posts":"","theme-transparent-header-meta":"","adv-header-id-meta":"","stick-header-meta":"","header-above-stick-meta":"","header-main-stick-meta":"","header-below-stick-meta":"","astra-migrate-meta-layouts":"default","ast-page-background-enabled":"default","ast-page-background-meta":{"desktop":{"background-color":"var(--ast-global-color-4)","background-image":"","background-repeat":"repeat","background-position":"center center","background-size":"auto","background-attachment":"scroll","background-type":"","background-media":"","overlay-type":"","overlay-color":"","overlay-opacity":"","overlay-gradient":""},"tablet":{"background-color":"","background-image":"","background-repeat":"repeat","background-position":"center center","background-size":"auto","background-attachment":"scroll","background-type":"","background-media":"","overlay-type":"","overlay-color":"","overlay-opacity":"","overlay-gradient":""},"mobile":{"background-color":"","background-image":"","background-repeat":"repeat","background-position":"center center","background-size":"auto","background-attachment":"scroll","background-type":"","background-media":"","overlay-type":"","overlay-color":"","overlay-opacity":"","overlay-gradient":""}},"ast-content-background-meta":{"desktop":{"background-color":"var(--ast-global-color-5)","background-image":"","background-repeat":"repeat","background-position":"center center","background-size":"auto","background-attachment":"scroll","background-type":"","background-media":"","overlay-type":"","overlay-color":"","overlay-opacity":"","overlay-gradient":""},"tablet":{"background-color":"var(--ast-global-color-5)","background-image":"","background-repeat":"repeat","background-position":"center center","background-size":"auto","background-attachment":"scroll","background-type":"","background-media":"","overlay-type":"","overlay-color":"","overlay-opacity":"","overlay-gradient":""},"mobile":{"background-color":"var(--ast-global-color-5)","background-image":"","background-repeat":"repeat","background-position":"center center","background-size":"auto","background-attachment":"scroll","background-type":"","background-media":"","overlay-type":"","overlay-color":"","overlay-opacity":"","overlay-gradient":""}},"_joinchat":[],"footnotes":""},"class_list":["post-352","page","type-page","status-publish","hentry"],"_links":{"self":[{"href":"https:\/\/educalhorce.com\/index.php\/wp-json\/wp\/v2\/pages\/352","targetHints":{"allow":["GET"]}}],"collection":[{"href":"https:\/\/educalhorce.com\/index.php\/wp-json\/wp\/v2\/pages"}],"about":[{"href":"https:\/\/educalhorce.com\/index.php\/wp-json\/wp\/v2\/types\/page"}],"author":[{"embeddable":true,"href":"https:\/\/educalhorce.com\/index.php\/wp-json\/wp\/v2\/users\/1"}],"replies":[{"embeddable":true,"href":"https:\/\/educalhorce.com\/index.php\/wp-json\/wp\/v2\/comments?post=352"}],"version-history":[{"count":4,"href":"https:\/\/educalhorce.com\/index.php\/wp-json\/wp\/v2\/pages\/352\/revisions"}],"predecessor-version":[{"id":356,"href":"https:\/\/educalhorce.com\/index.php\/wp-json\/wp\/v2\/pages\/352\/revisions\/356"}],"wp:attachment":[{"href":"https:\/\/educalhorce.com\/index.php\/wp-json\/wp\/v2\/media?parent=352"}],"curies":[{"name":"wp","href":"https:\/\/api.w.org\/{rel}","templated":true}]}}